- d. What are the prime factors of l?
43
Let g(x) = 4*x**3 - 401*x - 29. What are the prime factors of g(25)?
2, 3, 8741
Let d be 26/117 - 7/(-9). Let m(c) = 45*c + 4. Let r be m(d). What are the prime factors of 2/((-8)/r)*-8?
2, 7
Let c(o) = 2*o**3 - 9*o**2 + 14*o - 27. Let h be ((-44)/110)/((-1)/15). What are the prime factors of c(h)?
3, 5, 11
Suppose -5*v - 22 = -42. Suppose -4*t + v*t = -3*t. List the prime factors of (2 - 469/(-7)) + t/(-2).
3, 23
Suppose -11*n = -16*n. Suppose 0*o - 3*o = n. Suppose 3*f - 222 = -o*f. List the prime factors of f.
2, 37
Suppose -2*l - 11*d + 6*d = -25715, -3*d + 64240 = 5*l. List the prime factors of l.
5, 7, 367
Let q = -41857 - -65612. What are the prime factors of q?
5, 4751
Let v(m) = -5*m + 19. Suppose 0 = -18*c + 21*c - 12. Suppose -4*y - c - 24 = 0. List the prime factors of v(y).
2, 3
Let x = -1131 + 4577. List the prime factors of x.
2, 1723
Let n = -18070 - -33157. List the prime factors of n.
3, 47, 107
Let k be (-20)/90 - (-58)/18. Suppose -3*q + 2499 = -k*f + 7*f, -f + 2*q + 622 = 0. List the prime factors of f.
2, 3, 13
Let w = 134 + -135. List the prime factors of w/(-2*(-5)/(-250)).
5
Let n = 281 - 759. Let j = n - -1159. List the prime factors of j.
3, 227
Suppose 166*z - 164*z = 7876. What are the prime factors of z?
2, 11, 179
Suppose 47*y = 56*y - 17172. List the prime factors of y.
2, 3, 53
List the prime factors of 4*(-573147)/(-180) - (-14)/35.
47, 271
What are the prime factors of ((-22)/15*33)/((2/545)/(-2))?
2, 11, 109
Let a be -5 + 244 - (-1 - 2). Suppose a = 4*q - 82. Suppose 0 = -2*h + h + q. List the prime factors of h.
3
Let h(j) be the second derivative of j**6/120 - j**5/60 + 7*j**4/24 - 4*j**3 - j. Let y(p) be the second derivative of h(p). List the prime factors of y(-6).
127
Let y = 3206 - 3216. Let j(b) be the first derivative of -b**4/4 - 10*b**3/3 - b**2 - 17*b - 2. List the prime factors of j(y).
3
Let d = -7 - -38. Suppose 7*b = 12*b + 2*l - d, -3*b = -3*l - 27. List the prime factors of b.
7
Let q be (-7 - 2)/(4 - 63138/15780). Suppose 12*w + 1182 = q. What are the prime factors of w?
13, 43
Suppose 0 = 121*b - 117*b + 28. List the prime factors of 16 + -11 + b/((-28)/488).
127
Let u(t) = t**2 - 9*t - 4. Let i be u(9). Let d be (i - (-25)/9) + (-4)/(-18). List the prime factors of (45 - 0/d) + (6 - 5).
2, 23
Let y = 168 + 48. Suppose -4*i + 284 + y = 0. List the prime factors of i.
5
Suppose -3*q = 6*q - 360. Let m = q - -102. What are the prime factors of m?
2, 71
Let p(t) be the third derivative of t**6/144 + t**5/40 + 3*t**4/4 + 25*t**2. Let b(v) be the second derivative of p(v). What are the prime factors of b(24)?
3, 41
Suppose 3 = -4*h + 22*l - 17*l, -l - 9 = 4*h. List the prime factors of h + 10/5 - (-204 + -1).
5, 41
Let m be (0 - (-8)/4) + (2 - 2). Suppose 0 = -2*b - 5*w + w + 404, 0 = -m*b + 3*w + 397. List the prime factors of b.
2, 5
Let h = 20276 + 53089. List the prime factors of h.
3, 5, 67, 73
Suppose 0 = -0*y + 19*y + 17*y - 463536. List the prime factors of y.
2, 3, 29, 37
Suppose -3*x = -3*r, r = -x - 4*r. Let n be x + 2/2*3 + 7. Suppose 6 = -2*z + n. List the prime factors of z.
2
Let a(m) = 10 + 7*m**2 + 4*m**3 - 17 + 4*m**2 - 6*m**3 - 3*m. Let b be a(5). Suppose 3*q = -2*s + 4*s - 123, -4*s + 237 = b*q. What are the prime factors of s?
2, 3, 5
Suppose -4*g + 37177 + 16427 = 0. Suppose 26*p - 1081 = g. List the prime factors of p.
557
Suppose -2*t + 280 = -7*t + i, 4*t + 205 = -3*i. Let x = t + 226. What are the prime factors of x?
3, 19
Let m(j) = j**3 - 3*j**2 - 5*j - 6. Let z be m(5). Let v = -351 - -429. Let k = v - z. What are the prime factors of k?
59
What are the prime factors of 7/(-49) + 197151/21?
2, 2347
List the prime factors of ((-128814)/105)/(6 + (-91)/15).
2, 3, 3067
Let m = 177 - 180. List the prime factors of m/(194/(-94) - (-3 + 1)).
47
Let v be -2 + 3 + -675 + (-9)/3. Let k = v - -1132. List the prime factors of k.
5, 7, 13
Let j = 2201 + 6979. What are the prime factors of j?
2, 3, 5, 17
Let m(w) be the first derivative of -w**4/4 + 14*w**3/3 - 6*w**2 - 14*w + 6. Let r be m(13). List the prime factors of (-2)/(-1) - (r - 58).
61
Let l = -4686 - -7131. List the prime factors of l.
3, 5, 163
Suppose -5*b + k + 23281 = -31215, -b + 10912 = 3*k. What are the prime factors of b?
2, 5, 109
Let z be 3 + 0 + 1 + -6. Suppose 2*u = -6*u + 504. List the prime factors of (4 - u)/(2/8*z).
2, 59
Suppose -8*k = -5*k + 8910. List the prime factors of k/(-30) - (-6)/2.
2, 3, 17
Let k = -1244 + 2531. Suppose 3*w = -11*p + 10*p + k, 3879 = 3*p + 3*w. List the prime factors of p.
2, 3
Suppose -26 = -h - 6. Suppose 10*a - 14*a = -h. List the prime factors of 8*a/(-10) - -59.
5, 11
What are the prime factors of (-1347600)/(-180) - ((-1)/(-3))/(-1)?
7487
What are the prime factors of (-9535)/20*(-1)/((-2)/(-104))?
13, 1907
Suppose 368 = -g - 305. Let l = g - -1387. List the prime factors of l.
2, 3, 7, 17
Let s(d) = -d**3 + 8*d**2 + 2*d - 18. Let p be s(8). Let o be p/1 - -490 - 3. Suppose -3*v + 5*z + 28 = -253, -o = -5*v + 5*z. List the prime factors of v.
2, 3, 17
Let m(q) = 49*q + 341. Let j be m(-7). Let p be ((-2)/(-3))/(2/9). What are the prime factors of 2 + 0 + p + (j - -114)?
3, 13
Let w = -34 + 38. Suppose -163 = 3*y - a, w*y + 24 + 225 = -5*a. Let q = -43 - y. What are the prime factors of q?
13
Let k = 242 + -193. Suppose -k*v = -4165 - 3871. List the prime factors of v.
2, 41
Let y = -4984 + 8241. List the prime factors of y.
3257
What are the prime factors of -3 + 46/14 + (23 - 6046803/(-147))?
2, 13, 1583
Let h = -73048 + 125011. What are the prime factors of h?
3, 17321
Let z(q) = -6*q - 139. Let p be z(-11). Let g = p - -203. What are the prime factors of g?
2, 5, 13
Suppose -21*x = -32*x + 3465. List the prime factors of x/(-252) - (-3618)/8.
11, 41
Let m(q) = q**3 - 14*q**2 - 6*q - 33. Let w be m(10). Let l = -403 - w. What are the prime factors of l?
2, 3, 5
Suppose -6*x + 191*x - 2601813 = 3758117. What are the prime factors of x?
2, 17189
Suppose 23166 = 2*n - 4*b, 4*n - 23146 = 2*n - b. What are the prime factors of n?
5, 463
Suppose -106 = -y + o, 3*o + 200 + 11 = 2*y. Let p(i) = -3*i + 0*i + 123 - y + 2*i**2. List the prime factors of p(-5).
3
Let y(s) = 88 + s**2 - 8*s - 191 + 84 + 0*s**2. List the prime factors of y(-7).
2, 43
Let v(p) be the first derivative of -p**5/60 + 25*p**4/24 - p**3/6 - 5*p**2 - 14. Let a(u) be the second derivative of v(u). List the prime factors of a(23).
3, 5
Suppose -83753 + 1330951 = 23*v. What are the prime factors of v?
2, 19, 1427
Suppose 612 - 486 = -9*o. Let q = o + 1193. List the prime factors of q.
3, 131
Let b = -83 - -85. List the prime factors of (-4)/((b/2)/(-143)).
2, 11, 13
Let l(n) = -n**3 - n**2 + 3*n. Let p be l(-3). Let q(j) = -p*j + 17 + j**2 - 2*j**2 + 7*j - 11*j. List the prime factors of q(-14).
3
Suppose -2*h - 104 = -4*l, 2*l - 3*h = h + 40. Suppose 6*c = -l*c + 2448. What are the prime factors of c?
2, 3
Let o = -18 - -18. Let v be -62 - (o - (-4 + 6)). Let k = -29 - v. What are the prime factors of k?
31
Suppose -123*x + 137*x - 126616 = 0. What are the prime factors of x?
2, 7, 17, 19
Let g(h) = 5*h**2 - h - 24. Let j(p) = p**2 - 8. Let c be j(4). List the prime factors of g(c).
2, 3
Let h be (-3)/(-2)*(-90)/(-27). Suppose -z - 3*b + 1 = 0, -3*z + 3*b = -h*z + 5. Suppose -z*f + 34 = -90. What are the prime factors of f?
31
Suppose -v = -5*f - 0*v + 1808, -1080 = -3*f - v. List the prime factors of ((-8*1)/(-4) - 3) + f.
2, 3, 5
Let x = -74808 - -111746. List the prime factors of x.
2, 11, 23, 73
Let q(f) = -11*f + 118. Suppose 14*s + 2209 = -33*s. List the prime factors of q(s).
5, 127
Let y(v) be the second derivative of -17*v**3/6 + v**2 + 3*v. Let a(r) = -r**2 - 11*r + 32. Let o be a(3). List the prime factors of y(o).
2, 43
Let a be (-1)/5 - (-11)/5. Let z be (1/(-3))/((-1)/15 - 0). Suppose 4*d + 4*r - 316 = 0, 350 = z*d - 2*r - a*r. List the prime factors of d.
2, 37
Let i(g) = 33 - 125*g - 66 - 29*g. What are the prime factors of i(-11)?
11, 151
Let m(p) = -9*p + 17 + 3*p**2 - 2*p**2 + 6*p**2 - 4*p**2. Let x be m(5). Let k = -17 + x. List the prime factors of k.
2, 3, 5
What are the prime factors of (-65)/(2/34 + (-420)/6273)?
3, 5, 13, 41
Let t(m) b